{"id":45408,"date":"2023-11-29T22:54:35","date_gmt":"2023-11-29T21:54:35","guid":{"rendered":"https:\/\/pro.blainebox.es\/producto\/dracena-tropicale-150cm\/"},"modified":"2023-11-29T22:54:35","modified_gmt":"2023-11-29T21:54:35","slug":"dracena-tropicale-150cm","status":"publish","type":"product","link":"https:\/\/pro.blainebox.es\/it\/producto\/dracena-tropicale-150cm\/","title":{"rendered":"Dracena Tropicale 150CM"},"content":{"rendered":"<p>Altezza cm: 150<\/p>\n","protected":false},"excerpt":{"rendered":"<p>Altezza cm: 150<\/p>\n","protected":false},"featured_media":43303,"template":"","meta":{"_acf_changed":false,"content-type":""},"product_brand":[],"product_cat":[450,455,473,461,459],"product_tag":[],"class_list":{"0":"post-45408","1":"product","2":"type-product","3":"status-publish","4":"has-post-thumbnail","6":"product_cat-arboles-y-plantas-grandes","7":"product_cat-catalogo","8":"product_cat-packs-planta-dracena","9":"product_cat-packs-plantas","10":"product_cat-packs-plantas-artificiales-y-preservadas","12":"first","13":"instock","14":"sale","15":"taxable","16":"shipping-taxable","17":"purchasable","18":"product-type-simple"},"acf":[],"jetpack-related-posts":[{"id":45410,"url":"https:\/\/pro.blainebox.es\/it\/producto\/dracena-tropical-xl-160cm\/","url_meta":{"origin":45408,"position":0},"title":"Dracena Tropical XL 160cm","author":"user","date":"29\/11\/2023","format":false,"excerpt":"Altezza cm: 160","rel":"","context":"Articolo simile","block_context":{"text":"Articolo simile","link":""},"img":{"alt_text":"","src":"https:\/\/i0.wp.com\/pro.blainebox.es\/wp-content\/uploads\/2023\/11\/Mango-Tropical-XL.webp?fit=600%2C600&ssl=1&resize=350%2C200","width":350,"height":200,"srcset":"https:\/\/i0.wp.com\/pro.blainebox.es\/wp-content\/uploads\/2023\/11\/Mango-Tropical-XL.webp?fit=600%2C600&ssl=1&resize=350%2C200 1x, https:\/\/i0.wp.com\/pro.blainebox.es\/wp-content\/uploads\/2023\/11\/Mango-Tropical-XL.webp?fit=600%2C600&ssl=1&resize=525%2C300 1.5x"},"classes":[]},{"id":45399,"url":"https:\/\/pro.blainebox.es\/it\/producto\/dracena-tropical-xl-130cm\/","url_meta":{"origin":45408,"position":1},"title":"Dracena Tropical XL 130CM","author":"user","date":"29\/11\/2023","format":false,"excerpt":"Altezza cm: 130","rel":"","context":"Articolo simile","block_context":{"text":"Articolo simile","link":""},"img":{"alt_text":"","src":"https:\/\/i0.wp.com\/pro.blainebox.es\/wp-content\/uploads\/2024\/05\/Dracena-130cm-NeutraBlanca.webp?fit=1200%2C1200&ssl=1&resize=350%2C200","width":350,"height":200,"srcset":"https:\/\/i0.wp.com\/pro.blainebox.es\/wp-content\/uploads\/2024\/05\/Dracena-130cm-NeutraBlanca.webp?fit=1200%2C1200&ssl=1&resize=350%2C200 1x, https:\/\/i0.wp.com\/pro.blainebox.es\/wp-content\/uploads\/2024\/05\/Dracena-130cm-NeutraBlanca.webp?fit=1200%2C1200&ssl=1&resize=525%2C300 1.5x, https:\/\/i0.wp.com\/pro.blainebox.es\/wp-content\/uploads\/2024\/05\/Dracena-130cm-NeutraBlanca.webp?fit=1200%2C1200&ssl=1&resize=700%2C400 2x, https:\/\/i0.wp.com\/pro.blainebox.es\/wp-content\/uploads\/2024\/05\/Dracena-130cm-NeutraBlanca.webp?fit=1200%2C1200&ssl=1&resize=1050%2C600 3x"},"classes":[]},{"id":7843,"url":"https:\/\/pro.blainebox.es\/it\/producto\/dracena-verde\/","url_meta":{"origin":45408,"position":2},"title":"Dracena Verde","author":"user","date":"02\/11\/2023","format":false,"excerpt":"Descubre la elegancia y el encanto tropical de nuestra Dracena Verde Variegata Artificial. Esta impresionante r\u00e9plica ha sido cuidadosamente dise\u00f1ada para capturar la belleza \u00fanica de la Dracena Variegata real, sin la necesidad de preocuparte por los cuidados y mantenimiento constantes. Cada hoja de nuestra Dracena Verde Variegata Artificial es\u2026","rel":"","context":"Articolo simile","block_context":{"text":"Articolo simile","link":""},"img":{"alt_text":"","src":"https:\/\/i0.wp.com\/pro.blainebox.es\/wp-content\/uploads\/2023\/11\/wp-image51465009987910.png?fit=1200%2C1200&ssl=1&resize=350%2C200","width":350,"height":200,"srcset":"https:\/\/i0.wp.com\/pro.blainebox.es\/wp-content\/uploads\/2023\/11\/wp-image51465009987910.png?fit=1200%2C1200&ssl=1&resize=350%2C200 1x, https:\/\/i0.wp.com\/pro.blainebox.es\/wp-content\/uploads\/2023\/11\/wp-image51465009987910.png?fit=1200%2C1200&ssl=1&resize=525%2C300 1.5x, https:\/\/i0.wp.com\/pro.blainebox.es\/wp-content\/uploads\/2023\/11\/wp-image51465009987910.png?fit=1200%2C1200&ssl=1&resize=700%2C400 2x, https:\/\/i0.wp.com\/pro.blainebox.es\/wp-content\/uploads\/2023\/11\/wp-image51465009987910.png?fit=1200%2C1200&ssl=1&resize=1050%2C600 3x"},"classes":[]},{"id":45414,"url":"https:\/\/pro.blainebox.es\/it\/producto\/dracaena-artificiale-175-cm\/","url_meta":{"origin":45408,"position":3},"title":"Dracaena artificiale 175 cm","author":"user","date":"29\/11\/2023","format":false,"excerpt":"Altezza cm: 175","rel":"","context":"Articolo simile","block_context":{"text":"Articolo simile","link":""},"img":{"alt_text":"","src":"https:\/\/i0.wp.com\/pro.blainebox.es\/wp-content\/uploads\/2024\/05\/DRACENAARTIFICIALCONMACETA175cmFProducto.webp?fit=1000%2C1000&ssl=1&resize=350%2C200","width":350,"height":200,"srcset":"https:\/\/i0.wp.com\/pro.blainebox.es\/wp-content\/uploads\/2024\/05\/DRACENAARTIFICIALCONMACETA175cmFProducto.webp?fit=1000%2C1000&ssl=1&resize=350%2C200 1x, https:\/\/i0.wp.com\/pro.blainebox.es\/wp-content\/uploads\/2024\/05\/DRACENAARTIFICIALCONMACETA175cmFProducto.webp?fit=1000%2C1000&ssl=1&resize=525%2C300 1.5x, https:\/\/i0.wp.com\/pro.blainebox.es\/wp-content\/uploads\/2024\/05\/DRACENAARTIFICIALCONMACETA175cmFProducto.webp?fit=1000%2C1000&ssl=1&resize=700%2C400 2x"},"classes":[]},{"id":7825,"url":"https:\/\/pro.blainebox.es\/it\/producto\/dracena-1\/","url_meta":{"origin":45408,"position":4},"title":"Dracena","author":"user","date":"02\/11\/2023","format":false,"excerpt":"Eleva el encanto natural de tu hogar con nuestra Dracena Artificial de alta calidad. Esta r\u00e9plica cuidadosamente elaborada captura la esencia y la belleza de la Dracena real sin la necesidad de preocuparte por los cuidados y mantenimiento constantes. Cada hoja de nuestra Dracena Artificial ha sido meticulosamente dise\u00f1ada para\u2026","rel":"","context":"Articolo simile","block_context":{"text":"Articolo simile","link":""},"img":{"alt_text":"","src":"https:\/\/i0.wp.com\/pro.blainebox.es\/wp-content\/uploads\/2023\/11\/wp-image51461078253894.png?fit=1200%2C1200&ssl=1&resize=350%2C200","width":350,"height":200,"srcset":"https:\/\/i0.wp.com\/pro.blainebox.es\/wp-content\/uploads\/2023\/11\/wp-image51461078253894.png?fit=1200%2C1200&ssl=1&resize=350%2C200 1x, https:\/\/i0.wp.com\/pro.blainebox.es\/wp-content\/uploads\/2023\/11\/wp-image51461078253894.png?fit=1200%2C1200&ssl=1&resize=525%2C300 1.5x, https:\/\/i0.wp.com\/pro.blainebox.es\/wp-content\/uploads\/2023\/11\/wp-image51461078253894.png?fit=1200%2C1200&ssl=1&resize=700%2C400 2x, https:\/\/i0.wp.com\/pro.blainebox.es\/wp-content\/uploads\/2023\/11\/wp-image51461078253894.png?fit=1200%2C1200&ssl=1&resize=1050%2C600 3x"},"classes":[]},{"id":45211,"url":"https:\/\/pro.blainebox.es\/it\/producto\/spirale-tuya-150cm\/","url_meta":{"origin":45408,"position":5},"title":"Spirale Tuya 150CM","author":"user","date":"29\/11\/2023","format":false,"excerpt":"Altezza cm: 150","rel":"","context":"Articolo simile","block_context":{"text":"Articolo simile","link":""},"img":{"alt_text":"","src":"https:\/\/i0.wp.com\/pro.blainebox.es\/wp-content\/uploads\/2023\/11\/Tuya-Espiral.webp?fit=600%2C600&ssl=1&resize=350%2C200","width":350,"height":200,"srcset":"https:\/\/i0.wp.com\/pro.blainebox.es\/wp-content\/uploads\/2023\/11\/Tuya-Espiral.webp?fit=600%2C600&ssl=1&resize=350%2C200 1x, https:\/\/i0.wp.com\/pro.blainebox.es\/wp-content\/uploads\/2023\/11\/Tuya-Espiral.webp?fit=600%2C600&ssl=1&resize=525%2C300 1.5x"},"classes":[]}],"jetpack_sharing_enabled":true,"_links":{"self":[{"href":"https:\/\/pro.blainebox.es\/it\/wp-json\/wp\/v2\/product\/45408","targetHints":{"allow":["GET"]}}],"collection":[{"href":"https:\/\/pro.blainebox.es\/it\/wp-json\/wp\/v2\/product"}],"about":[{"href":"https:\/\/pro.blainebox.es\/it\/wp-json\/wp\/v2\/types\/product"}],"wp:featuredmedia":[{"embeddable":true,"href":"https:\/\/pro.blainebox.es\/it\/wp-json\/wp\/v2\/media\/43303"}],"wp:attachment":[{"href":"https:\/\/pro.blainebox.es\/it\/wp-json\/wp\/v2\/media?parent=45408"}],"wp:term":[{"taxonomy":"product_brand","embeddable":true,"href":"https:\/\/pro.blainebox.es\/it\/wp-json\/wp\/v2\/product_brand?post=45408"},{"taxonomy":"product_cat","embeddable":true,"href":"https:\/\/pro.blainebox.es\/it\/wp-json\/wp\/v2\/product_cat?post=45408"},{"taxonomy":"product_tag","embeddable":true,"href":"https:\/\/pro.blainebox.es\/it\/wp-json\/wp\/v2\/product_tag?post=45408"}],"curies":[{"name":"wp","href":"https:\/\/api.w.org\/{rel}","templated":true}]}}

Descubre la elegancia y el encanto tropical de nuestra Dracena Verde Variegata Artificial. Esta impresionante réplica ha sido cuidadosamente diseñada para capturar la belleza única de la Dracena Variegata real, sin la necesidad de preocuparte por los cuidados y mantenimiento constantes. Cada hoja de nuestra Dracena Verde Variegata Artificial es…

Eleva el encanto natural de tu hogar con nuestra Dracena Artificial de alta calidad. Esta réplica cuidadosamente elaborada captura la esencia y la belleza de la Dracena real sin la necesidad de preocuparte por los cuidados y mantenimiento constantes. Cada hoja de nuestra Dracena Artificial ha sido meticulosamente diseñada para…
